pose -3*b - l = -212. Does 17 divide b?
False
Let p(c) = 2*c - 4. Let i be p(7). Suppose -5*n + 8 = -2, -5*n + i = 5*z. Suppose z*v + 4*u - 52 = -3*v, 3*u + 66 = 3*v. Is v a multiple of 20?
True
Suppose 6*a - a - 40 = 0. Is 5 a factor of (-1)/(-2) - (-316)/a?
True
Let g(z) = -72*z + 24. Is g(-7) a multiple of 16?
True
Let a(i) = i**3 - 10*i**2 + i - 10. Let r be a(10). Suppose -18 + 79 = -u + 2*t, r = 2*u + t + 142. Let w = u - -108. Does 13 divide w?
True
Let r(n) = n. Let g(s) = 6*s - 2. Let q(t) = g(t) - 3*r(t). Let w = 14 - 11. Does 7 divide q(w)?
True
Let i(p) = -2*p + 7. Let v be i(6). Let s(h) = 18*h - 94. Let k be s(6). Does 14 divide k/v*(-22 + -3)?
True
Let x(y) = 59*y**3 + y**2 - 2*y + 3. Let b be x(2). Let k = -309 + b. Suppose -5*o + k = 3*s, -o + 3*o + 2 = 0. Is 19 a factor of s?
True
Let a = 465 - 345. Is a a multiple of 30?
True
Let s = 91 + 134. Is s a multiple of 16?
False
Let u(i) = i**3 + 3*i**2 + 8*i - 5. Let r be u(-7). Let w = -153 - r. Is 3 a factor of (-4)/10 - w/(-10)?
False
Let u be 3*(-3 - (-7)/((-84)/(-40))). Is 14 a factor of (10/5 + u)/((-3)/(-112))?
True
Suppose 18*x - 35721 = -9*x. Is 10 a factor of x?
False
Let m = -5 - -71. Suppose -4*w = -a - 503, -62 - m = -w + a. Let z = w + -69. Is z a multiple of 14?
True
Suppose 4*i - 8*i + 4*t + 12592 = 0, -9438 = -3*i + 6*t. Is 75 a factor of i?
True
Is 26 a factor of -7 + 366/54 - (-28732)/18?
False
Suppose 5*m + 2*d - 1534 = 0, 20*d + 910 = 3*m + 16*d. Does 18 divide m?
True
Suppose 2*y - 122 = 978. Is 50 a factor of y?
True
Let x(b) = 39*b + 2. Suppose 0 = 7*w + 6 - 13. Is x(w) a multiple of 7?
False
Let t(r) = -4 - 1 + r**2 + 16 - 10*r + 3*r**2. Is t(7) a multiple of 13?
False
Suppose 12 = x - 0*x. Does 11 divide (162/24 - 5)*5*x?
False
Let i(h) = -205*h + 271. Does 36 divide i(-3)?
False
Let s = 159 - 89. Is s a multiple of 8?
False
Suppose 11 - 5 = 3*x. Suppose -4 = x*m, -2*m = -2*g - 0*g + 10. Is 21 a factor of (-8)/g*(-4 - 8)?
False
Let b(i) = -38*i - 8. Let d(o) = 19*o + 3. Let l(p) = 2*b(p) + 5*d(p). Suppose 1 - 6 = -5*r. Is 6 a factor of l(r)?
True
Let o = 8 + -13. Let p = 75 - o. Suppose -2*u + p = 3*u. Is 6 a factor of u?
False
Let n(m) = m**3 - 5*m**2 + 3*m - 9. Suppose 0 = -l - l - 3*t + 11, 4*t = -5*l + 24. Let v be (-56)/(-10) - l/(-10). Is n(v) a multiple of 8?
False
Is 3 a factor of (507/(-117))/(98/(-48) + 2)?
False
Let w = -63 + 125. Let n = w - 16. Is n a multiple of 11?
False
Let c(a) = -a - 9. Let i be c(-9). Suppose h - 5*h - 552 = i. Let n = 201 + h. Is 16 a factor of n?
False
Is (133692/(-36))/(-13) - 1/(-3) a multiple of 22?
True
Let a(v) = -51*v + 13. Let x(y) = -26*y + 7. Let o(d) = 6*a(d) - 11*x(d). Is o(-7) a multiple of 14?
False
Let u = 6 + -2. Suppose -u*n - 38 = -6*n. Suppose -2*j - 5*y + n = -j, 39 = 5*j - 3*y. Is j a multiple of 3?
True
Suppose 4 + 16 = 4*f. Suppose 135 = f*l - j - 393, 5*l + 3*j = 516. Does 15 divide l?
True
Suppose -22 - 5 = y. Let g be 19733/63 - (-6)/y. Suppose -6*f = 5*s - 2*f - 340, g = 4*s - 5*f. Is s a multiple of 24?
True
Let j = -56 + 35. Let o be ((-6)/j)/((-1)/(-7)). Let m(x) = 4*x**3 + 2*x**2 - 2*x - 1. Is m(o) a multiple of 25?
False
Let n(m) = 2*m**3 - m**2 + 34. Suppose -5*c = 5*a - 0*a, 3*a - 3*c = 0. Is n(a) a multiple of 12?
False
Let r(x) = 175*x**2 + 95*x - 9. Is 22 a factor of r(-3)?
False
Suppose -6822 = 13*h - 17300. Is 31 a factor of h?
True
Does 13 divide 909857/358*(-1 + 3)?
True
Let a be (-2 + 20/6)/(4/366). Let x = -46 + a. Is x a multiple of 19?
True
Let q = 1256 - 510. Is 52 a factor of q?
False
Suppose -m + 3*m - 650 = -5*w, 0 = 2*m + 4*w - 648. Does 64 divide m?
True
Let s(l) = 2*l**2 - 9*l + 8. Let b be s(7). Let y = b + 13. Is 14 a factor of y?
True
Let u(v) = -2*v**3 - 7*v**2 + 6*v + 11. Let n(o) = 6*o**3 - o**2 + o + 1. Let p be n(-1). Is 24 a factor of u(p)?
True
Suppose 0*v - 5*v = -3*x - 3, -4*x - 4 = 3*v. Suppose -3*o - w = -2*o - 6, v = -o - 2*w + 10. Suppose -3*t + 15 + 1 = -4*p, t + o*p = 12. Is t a multiple of 8?
True
Suppose -5*a + 6 = -5*x - a, -2*a = -4*x. Suppose -3*n + 28 - 13 = 0. Suppose 2*i - 5*h = 96, -i = -n*i - x*h + 144. Is i a multiple of 12?
False
Suppose 6*d - 334 - 290 = 0. Does 13 divide (-6)/4*d/(-12)?
True
Suppose -325 = -5*f - 60. Suppose 5*s + 2*q + 2*q = 40, 4*s - f = q. Is s a multiple of 2?
True
Suppose 4*x - 2*z = 14, 4*z - 2 = 2. Does 8 divide x/(1*1/2)?
True
Suppose 240 = 2*g - 230. Suppose g = 7*t - 2*t. Is t a multiple of 5?
False
Let g(w) = -16*w - 173. Is 2 a factor of g(-11)?
False
Let c(r) = r**3 + 13*r**2 + 9*r + 11. Let g(t) = -t**3 - 7*t**2 - 5*t - 5. Let n(i) = -3*c(i) - 5*g(i). Is n(4) a multiple of 8?
True
Let p = -66 - -82. Let x(j) = 4*j + 43. Is x(p) a multiple of 8?
False
Let v = 550 - 294. Does 39 divide v?
False
Let q(g) = -g**3 + 8*g**2 + 8*g + 13. Let w be 55*(8/(-5))/(-2). Suppose u + 4*r - 5 = 0, 6*u = u - r + w. Does 4 divide q(u)?
True
Let k be 44/10 - 69/(-115). Suppose k*x + 3*f = 890, -563 = -11*x + 8*x + 4*f. Is x a multiple of 18?
False
Suppose 0 = -103*a + 87*a + 37008. Does 9 divide a?
True
Let q(a) = -110*a. Let v be q(-1). Suppose -4*o + 16 = -0*o. Suppose o*w = 2*w + v. Is w a multiple of 19?
False
Suppose -112 = 7*w - 3*w. Let o = w - -7. Let m = 5 - o. Does 9 divide m?
False
Is (-3)/(132/(-39788)) + (-87)/319 a multiple of 10?
False
Suppose -4*g - 328 = 44. Let j = -48 - g. Does 14 divide j?
False
Let r be (-2662)/(-176) + 2/(-16). Is 3 a factor of -12 + r + 8 + -1?
False
Let r(y) = 15*y - 55. Is r(13) a multiple of 20?
True
Let g be 1 - (1 + 0)/(-1). Let l(k) = g*k**3 - 4 + 4 - 12*k**2 - 2 + 15*k**2. Does 5 divide l(2)?
False
Let y(r) = -59*r - 232. Does 25 divide y(-19)?
False
Suppose 0 = 2*j - 2*w - 128, -j - j = 5*w - 163. Suppose o + c - j = 0, 0*o + 4*o - 270 = 2*c. Is o a multiple of 14?
False
Let v be (3 - 6) + 105/3. Is (-1)/4 + 1224/v a multiple of 13?
False
Let h(m) = -m**3 + 8*m**2 + 22*m - 12. Let u be h(10). Suppose g - 164 = 4*s, 7*s = -g + u*s + 161. Does 16 divide g?
True
Suppose 351 = w - 3*y, -3*w - 5*y - 704 = -5*w. Does 17 divide w?
True
Let v(s) = 28 + 10 + s + 0*s - 5. Is 5 a factor of v(-13)?
True
Suppose 0 = 5*m + p - 4295, 9*p - 1741 = -2*m + 4*p. Does 22 divide m?
True
Let z be 2/(-6) - 1596/18. Let m = z + 155. Is 26 a factor of m?
False
Suppose -3398 = -17*u + 2093. Is u a multiple of 13?
False
Let p(x) = -9*x**2 - 3*x - 2. Let w be p(-1). Is 23 a factor of ((-92)/8)/((-4)/w)*-1?
True
Let m = 163 + 188. Is 9 a factor of m?
True
Suppose 3*a + 13 = -5*r, -4*a = -a - 4*r - 32. Suppose 0 = a*f - 8*f + 20. Suppose 12 = f*m - 38. Is 10 a factor of m?
True
Suppose 116 - 1661 = -5*r. Let k = r + -89. Does 20 divide k?
True
Let d be (4/(-10)*-6)/(6/(-80)). Let g(f) = 12*f + 2. Let k be g(4). Let o = k + d. Does 18 divide o?
True
Suppose 3*c + 3*f = 2*c + 12, 0 = 5*f - 15. Suppose -3*r - g = -c*g + 5, -4*r = -3*g + 5. Let q(l) = -l + 1. Is q(r) a multiple of 3?
True
Is ((-11)/((-121)/(-33)))/(6/(-7274)) a multiple of 13?
False
Let r(b) = 7*b**3 - b**2 + 9*b - 3. Let s(x) = -2*x**3 - 3*x + 1. Let a(j) = -3*r(j) - 8*s(j). Let m be a(2). Let y = m - -48. Is y a multiple of 3?
True
Let z = -249 - -643. Is 63 a factor of z?
False
Let v = -32 + 57. Suppose -28*q + v*q = -603. Is 19 a factor of q?
False
Let i(j) = j**2 + 10*j - 37. Suppose -2*w + 3*p - 23 = 0, -6 - 57 = 3*w + 5*p. Does 13 divide i(w)?
False
Let x be (-888)/18 + 2/(-3). Let q = x - -126. Does 19 divide q?
True
Let l(g) = 4*g**2 + 6*g - 1. Is l(-8) a multiple of 16?
False
Suppose 0 = -2*z + 11*t - 6*t + 2175, 2*z - 3*t - 2169 = 0. Is 20 a factor of z?
True
Let u(k) = 89*k**2 - k. Let t be u(-3). Suppose -t = -7*l + 190. Is l a multiple of 16?
False
Suppose -932 = -h - 2*v, 3*v - 8 = 7*v. Is h a multiple of 13?
True
Let d(i) = -i + 8. Suppose -9*s + 29 - 2 = 0. Is d(s) even?
False
Suppose 5*l - 9*l = 3*q - 476, -146 = -q + 5*l. Does 52 divide q?
True
Suppose 2*h - 4*w + 3357 = 5*h, -2*h + 4*w = -2238. Is h a multiple of 103?
False
Let n be 3/(-7) + (-157)/(-7). Let b = 32 - n. Suppose b*r = 5*r + 2*i + 104, -r - i + 18 = 0. Is 20 a factor of r?
True
Suppose 6*t - 35 + 5 = 0. Suppose -3*o = t*a + 20, -5*o + a = -o + 42. Is (-22)/(-55) - 46/o a multiple of 3?
False
Let r(j) = 89*j**3 + 15*j**2 - 3*j - 11. Is 77 a factor of r(3)?
